43755?
4
What is the ten thousands digit of 20205?
2
What is the hundreds digit of 1076?
0
What is the hundreds digit of 5532?
5
What is the units digit of 1309?
9
What is the tens digit of 624?
2
What is the tens digit of 7141?
4
What is the units digit of 3331?
1
What is the hundreds digit of 18957?
9
What is the tens digit of 41291?
9
What is the hundreds digit of 1900?
9
What is the units digit of 72165?
5
What is the tens digit of 2911?
1
What is the hundreds digit of 8153?
1
What is the tens digit of 4266?
6
What is the thousands digit of 23681?
3
What is the units digit of 51411?
1
What is the thousands digit of 5371?
5
What is the tens digit of 6338?
3
What is the ten thousands digit of 60817?
6
What is the tens digit of 12331?
3
What is the tens digit of 6262?
6
What is the tens digit of 1718?
1
What is the thousands digit of 9404?
9
What is the thousands digit of 116770?
6
What is the units digit of 1000?
0
What is the hundreds digit of 1433?
4
What is the tens digit of 174522?
2
What is the ten thousands digit of 13439?
1
What is the tens digit of 27838?
3
What is the hundreds digit of 1457?
4
What is the units digit of 616?
6
What is the units digit of 1775?
5
What is the hundred thousands digit of 104103?
1
What is the tens digit of 6299?
9
What is the tens digit of 3836?
3
What is the units digit of 124?
4
What is the hundreds digit of 262?
2
What is the thousands digit of 29342?
9
What is the hundreds digit of 1806?
8
What is the tens digit of 1004?
0
What is the hundreds digit of 651?
6
What is the hundreds digit of 1451?
4
What is the hundreds digit of 33766?
7
What is the tens digit of 37316?
1
What is the ten thousands digit of 24727?
2
What is the hundreds digit of 13524?
5
What is the units digit of 48299?
9
What is the units digit of 82157?
7
What is the units digit of 681?
1
What is the units digit of 11762?
2
What is the tens digit of 2845?
4
What is the tens digit of 44?
4
What is the units digit of 1879?
9
What is the hundreds digit of 21413?
4
What is the units digit of 342?
2
What is the units digit of 944?
4
What is the tens digit of 40969?
6
What is the tens digit of 1155?
5
What is the thousands digit of 10697?
0
What is the hundred thousands digit of 147395?
1
What is the units digit of 33853?
3
What is the thousands digit of 1452?
1
What is the units digit of 11281?
1
What is the hundreds digit of 7633?
6
What is the tens digit of 3255?
5
What is the ten thousands digit of 31864?
3
What is the hundreds digit of 5327?
3
What is the tens digit of 1720?
2
What is the ten thousands digit of 29929?
2
What is the units digit of 699?
9
What is the units digit of 458?
8
What is the thousands digit of 28418?
8
What is the ten thousands digit of 34216?
3
What is the ten thousands digit of 36091?
3
What is the tens digit of 10730?
3
What is the tens digit of 6234?
3
What is the thousands digit of 2829?
2
What is the thousands digit of 22067?
2
What is the units digit of 9051?
1
What is the hundreds digit of 10343?
3
What is the hundreds digit of 459?
4
What is the tens digit of 25286?
8
What is the units digit of 2724?
4
What is the units digit of 1462?
2
What is the hundreds digit of 13481?
4
What is the hundreds digit of 677?
6
What is the ten thousands digit of 86113?
8
What is the thousands digit of 9514?
9
What is the tens digit of 82372?
7
What is the units digit of 2243?
3
What is the hundreds digit of 1045?
0
What is the hundreds digit of 1529?
5
What is the tens digit of 18012?
1
What is the thousands digit of 9918?
9
What is the hundreds digit of 197?
1
What is the units digit of 28767?
7
What is the units digit of 110011?
1
What is the hundreds digit of 652?
6
What is the units digit of 24463?
3
What is the units digit of 874?
4
What is the units digit of 17267?
7
What is the tens digit of 500?
0
What is the units digit of 135?
5
What is the thousands digit of 5642?
5
What is the thousands digit of 77455?
7
What is the tens digit of 79521?
2
What is the tens digit of 1307?
0
What is the tens digit of 5660?
6
What is the ten thousands digit of 21409?
2
What is the units digit of 4365?
5
What is the hundreds digit of 1658?
6
What is the ten thousands digit of 129522?
2
What is the thousands digit of 8374?
8
What is the units digit of 36712?
2
What is the tens digit of 15531?
3
What is the tens digit of 615?
1
What is the thousands digit of 1435?
1
What is the tens digit of 635?
3
What is the ten thousands digit of 36248?
3
What is the thousands digit of 1321?
1
What is the thousands digit of 84462?
4
What is the thousands digit of 1926?
1
What is the thousands digit of 53031?
3
What is the units digit of 11343?
3
What is the hundreds digit of 80084?
0
What is the hundreds digit of 9556?
5
What is the tens digit of 11106?
0
What is the tens digit of 19757?
5
What is the units digit of 13367?
7
What is the tens digit of 37193?
9
What is the units digit of 17725?
5
What is the units digit of 6479?
9
What is the hundreds digit of 755?
7
What is the units digit of 502?
2
What is the thousands digit of 1521?
1
What is the tens digit of 8070?
7
What is the units digit of 580?
0
What is the thousands digit of 17202?
7
What is the units digit of 10565?
5
What is the ten thousands digit of 28006?
2
What is the hundreds digit of 417?
4
What is the tens digit of 29751?
5
What is the tens digit of 519?
1
What is the ten thousands digit of 23350?
2
What is the hundreds digit of 39762?
7
What is the units digit of 328?
8
What is the thousands digit of 40926?
0
What is the hundreds digit of 173?
1
What is the tens digit of 2534?
3
What is the units digit of 10523?
3
What is the tens digit of 3077?
7
What is the hundreds digit of 6222?
2
What is the units digit of 207?
7
What is the tens digit of 170?
7
What is the tens digit of 876?
7
What is the hundreds digit of 1168?
1
What is the tens digit of 7939?
3
What is the tens digit of 1346?
4
What is the hundreds digit of 619?
6
What is the units digit of 1516?
6
What is the units digit of 690?
0
What is the thousands digit of 15417?
5
What is the tens digit of 45858?
5
What is the ten thousands digit of 84502?
8
What is the ten thousands digit of 26508?
2
What is the hundreds digit of 29048?
0
What is the units digit of 46161?
1
What is the units digit of 8504?
4
What is the ten thousands digit of 11270?
1
What is the units digit of 13305?
5
What is the units digit of 14?
4
What is the tens digit of 1825?
2
What is the tens digit of 1192?
9
What is the thousands digit of 8846?
8
What is the thousands digit of 89975?
9
What is the thousands digit of 65234?
5
What is the hundreds digit of 68829?
8
What is the tens digit of 4461?
6
What is the thousands digit of 16930?
6
What is the hundreds digit of 5752?
7
What is the tens digit of 64184?
8
What is the tens digit of 33?
3
What is the hundreds digit of 32717?
7
What is the units digit of 5354?
4
What is the ten thousands digit of 10111?
1
What is the units digit of 661?
1
What is the tens digit of 19?
1
What is the thousands digit of 1936?
1
What is the thousands digit of 2739?
2
What is the ten thousands digit of 78601?
7
What is the tens digit of 58174?
7
What is the hundreds digit of 8040?
0
What is the units digit of 637?
7
What is the hundreds digit of 36152?
1
What is the units digit of 8608?
8
What is the tens digit of 390?
9
What is the units digit of 9949?
9
What is the tens digit of 972?
7
What is the thousands digit of 2878?
2
What is the units digit of 6808?
8
What is the thousands digit of 10292?
0
What is the units digit of 27496?
6
What is the thousands digit of 4407?
4
What is the tens digit of 5121?
2
What is the units digit of 486?
6
What is the thousands digit of 4414?
4
What is the tens digit of 3150?
5
What is the ten thousands digit of 142440?
4
What is the tens digit of 736?
3
What is the thousands digit of 7421?
7
What is the units digit of 55040?
0
What is the units digit of 2446?
6
What is the ten thousands digit of 90172?
9
What is the units digit of 1414?
4
What is the thousands digit of 7653?
7
What is the tens digit of 9122?
2
What is the hundreds digit of 701?
7
What is the ten thousands digit of 14836?
1
What is the tens digit of 32877?
7
What is the hundreds digit of 1080?
0
What is the units dig